 2 = -92. What is the units digit of (-36)/v*47*5?
8
Let z(k) = 2*k**2 + 3*k - 1. Let m be z(-3). Suppose m*n = 5*n + 57. What is the tens digit of n?
1
Suppose -5*h = -0*h + 35. Let c be (-8)/(h + 3) + 1. Suppose -c*v + 55 = -41. What is the tens digit of v?
3
Let x = 379 + -217. What is the units digit of x?
2
Let z = 1763 - -2326. What is the tens digit of z?
8
Let j be 0 + 3 - (11 + -26). Suppose 0 = 5*k - 177 - j. What is the tens digit of k?
3
Suppose -3*i + 2*i - 6 = 0. Let f = 8 + i. Suppose -f*s - s + 36 = 0. What is the units digit of s?
2
What is the tens digit of ((-840)/(-350))/(2/515)?
1
Let b = -9 - -11. Suppose 0*r = 2*r + 5*s - 435, 3*s + 443 = b*r. What is the tens digit of r?
2
Suppose -8426 = -18*x + 4174. What is the tens digit of x?
0
Suppose -2*s = -0*s + 10. Let d = s + -11. Let z = 10 - d. What is the tens digit of z?
2
Let c(w) = 15*w + 25. What is the units digit of c(20)?
5
Let g(r) = -4*r - 12. Let s be g(-3). Let n = s + 101. What is the tens digit of n?
0
Let s(a) = -a + 58. Let o be ((-1)/2)/((-5)/60). Suppose 10*x = o*x. What is the tens digit of s(x)?
5
Let o = -262 + 654. What is the units digit of o?
2
Let a(h) = 27*h + 725. What is the tens digit of a(56)?
3
Let l be (5 + -6)*69/(-3). What is the tens digit of (l - 19) + 2/(-2) + 62?
6
Let x(c) = -c**2 - 10*c + 6. Suppose 3*k = -0*k - 21. What is the units digit of x(k)?
7
Let w = 51 + 40. Let i = w - 50. What is the tens digit of i?
4
Suppose -2*a - 8*i = -4*i - 1326, -3*a = 2*i - 2001. What is the units digit of a?
9
Let g be (7 + 230)/(5 - 4). Let s = 8 - 4. Suppose 0 = -s*w + g - 89. What is the tens digit of w?
3
Let c = 122 - -1336. What is the tens digit of c?
5
Let w be (8/(-6))/((-5)/(-45)). Let b = 12 + w. Suppose b = 8*y - 3*y - 125. What is the tens digit of y?
2
Suppose -5*g + 38*g = 37488. What is the thousands digit of g?
1
Suppose -2*k + 260 = 2*k. Suppose -2*z - k = -27. Let f = z + 29. What is the units digit of f?
0
Suppose 0 = 4*q + 11*q - 3270. What is the hundreds digit of q?
2
Let k = -29 + 24. Let b = k - -30. Suppose 5*c + 3*j - b = 0, 0*c + 3*j - 13 = c. What is the units digit of c?
2
Suppose 5*i - 5888 = -p, 29*i + 4*p - 2366 = 27*i. What is the units digit of i?
7
Let p be -45 - 1 - (4 + (-3)/3). Let s = p - -104. What is the tens digit of s?
5
Let d(f) = -f**2 - 7*f + 22. Let g be d(-9). Suppose -5*p + 2*l + 325 = -3*l, -3*p = -g*l - 199. What is the units digit of p?
1
Let k(b) = b**3 + 10*b**2 - 11*b + 5. Let d be k(-11). Let a(i) = -8*i + 1. Let g be a(d). Let f = -16 - g. What is the tens digit of f?
2
Let t(r) = 31*r - 6. Let n be t(7). What is the units digit of n/7 - 8/56?
0
Let r(z) = -4*z - 3. Let i(n) = 7*n + 5. Let j(c) = 6*i(c) + 10*r(c). Let q be j(1). Suppose -18 = -q*x + 90. What is the tens digit of x?
5
Let y be -4 - (6/(-3) + -10). What is the tens digit of (705/(-10))/((-22)/y + 2)?
9
Let b(h) = -172*h**3 - 2*h**2 + 9*h + 14. What is the tens digit of b(-2)?
6
Let z(v) be the second derivative of 13/6*v**3 - 2*v - 1/12*v**4 + 0 + 11/2*v**2. What is the tens digit of z(12)?
2
Suppose 0*a = a - 2. Suppose -w - 4*z + 67 + 24 = 0, 0 = 2*w + a*z - 170. Suppose -y + 3*x = -7, -5*y = 2*x - w - 20. What is the tens digit of y?
1
Let m be ((-6)/(-12))/(1/6). Suppose m*l - 6 - 33 = 0. What is the units digit of l?
3
Suppose 8*h = 14*h - 11436. What is the units digit of h?
6
Let g = 33 - 37. Let d be (3 - (-10)/g)*-4. What is the tens digit of (12/8 + d)*-68?
3
Let q = 181 + 900. What is the hundreds digit of q?
0
What is the tens digit of ((-208)/(-40) - 6)*2530/(-4)?
0
Suppose -5*l - 14*z + 10*z + 17441 = 0, 4*z - 13956 = -4*l. What is the hundreds digit of l?
4
Let g(a) = -a**2 - 9*a + 34. Let x be g(-11). What is the units digit of 2/(-4) - ((-750)/x - -1)?
1
Let o(t) = -t**2 + 59*t - 96. What is the units digit of o(57)?
8
Let w(v) = -5*v**2 + 15*v + 2. Let a(f) = -6*f**2 + 15*f + 2. Let y(n) = 6*a(n) - 7*w(n). What is the tens digit of y(-8)?
5
Suppose -109*f = -63*f - 187036. What is the tens digit of f?
6
Let q = 42 + -16. Let r = 80 - q. What is the units digit of r?
4
Let n = -78 + 148. Suppose y = -4*a - 52 + 237, 5*y - n = -a. What is the units digit of (-54)/a*(-105)/2?
3
Suppose -4*y - 2*j + 3*j = -15946, 5*y - 2*j - 19931 = 0. What is the units digit of y?
7
Suppose -5*m - 812 = 2*w - 3136, -3*w = -6. What is the units digit of m?
4
Suppose d - 2*i - 1039 = 0, -3*d + i - 2*i + 3082 = 0. What is the thousands digit of d?
1
What is the units digit of (-181370)/(-90) + (-6)/27?
5
Let t(b) = 5*b - 1 - 4*b - 1. Let i be t(8). What is the tens digit of 10 - (2 - i/2)?
1
Let g = 32 + -29. Let u(l) = 3*l + 11 - g*l + l - 6. What is the units digit of u(0)?
5
Let k = 164 - 125. Suppose 5*b - 19 = 3*h - 0*b, 2*h - b + 8 = 0. Let j = k + h. What is the units digit of j?
6
Let p = -18 + 404. What is the tens digit of p?
8
Let t = -1260 - -2726. What is the units digit of t?
6
Suppose -4*h + 47 + 45 = 0. Suppose -5*d + h = -4*x, -1 = 4*d - 13. What is the units digit of 48/x*(-13)/13?
4
Let k = 125 - 123. Suppose 3*p - 408 = -3*q, -k*p + 3*p + 5*q = 144. What is the hundreds digit of p?
1
Suppose -7*x - 50 = 76. What is the units digit of 11/9 - 1 - 2714/x?
1
Let c = -655 + 1137. What is the hundreds digit of c?
4
Suppose 2*f - 4368 = -4*c, 12*f - 4350 = 10*f + 5*c. What is the units digit of f?
0
Let h be (16/40 + 2/(-5))/(-1). What is the units digit of 4 + 51 + h + -2?
3
Let p(g) = -1 - 3*g + g**2 - 1 + 6. What is the units digit of p(4)?
8
Suppose -4*t = 3*s - 138, t + 9*s - 26 = 4*s. What is the units digit of 9/(-15) + -16*t/(-10)?
7
Suppose 4*d + m = 4*m + 1441, 5*d - m - 1815 = 0. Let o = d + -244. Let k = o - 79. What is the units digit of k?
1
Let r(l) = 4*l**2 + 26*l - 37. What is the tens digit of r(16)?
0
What is the hundreds digit of 147/(((-9)/30)/(60/(-50)))?
5
Let d be 1 + (-9)/(3 - 6). Suppose 3*a = 5*s - 127, -a + d*a = 2*s - 49. Let l = -15 + s. What is the tens digit of l?
1
Suppose -3*l + q = -12, 4*l + q - 6 = -q. Let u(z) = 5 - 5 - 3*z**2 + 7*z**l - z + 1 + 1. What is the units digit of u(2)?
4
Suppose -2*l + 76 = 5*d, 25 + 25 = 4*d - 2*l. Let u = 18 - d. Suppose -2*h + 12 = u. What is the units digit of h?
4
Suppose 0 = 125*q - 121*q - 3740. What is the hundreds digit of q?
9
Suppose 5*w + 4*b = 28, -5*w + 19 + 11 = 5*b. Let n be ((-8)/3)/w*-3. Suppose -2*j = n*j - 92. What is the units digit of j?
3
Let w be ((-6)/9)/(5/15). Let b be 1/w*(-2 - -2). Suppose b = -m + 5*p + 26, 5*p + 6 = -m - 8. What is the units digit of m?
6
Suppose -11*y + 182 = -115. What is the units digit of y?
7
Let v(b) = 2*b**2 + 61*b - 71. What is the tens digit of v(-37)?
1
Let b(l) be the third derivative of l**5/20 - 13*l**4/24 + 17*l**3/6 + 15*l**2. What is the tens digit of b(9)?
4
Let p(z) = -6*z**3 - 7*z**2 + 6*z + 17. Let s(v) = -5*v**3 - 7*v**2 + 7*v + 16. Let b(a) = 4*p(a) - 5*s(a). What is the tens digit of b(-8)?
1
Let q be 1/(-5) - 944/(-20). Let l = q + -31. What is the tens digit of l?
1
Suppose s - 11*v - 109 = -9*v, 0 = 3*s - 5*v - 332. What is the tens digit of s?
1
What is the units digit of -3 + (-3 - 0) + 2 + 186?
2
Suppose -2*n - 20 = p, 2*n + 3*n = -2*p - 49. Let q be n/(-6)*276/9. Let f = -16 + q. What is the units digit of f?
0
Let c = 151 - 52. What is the units digit of c?
9
Let f = -19 - -23. What is the tens digit of (-2 - 295/f)/((-12)/32)?
0
Suppose 2*v + 5*c = 500 + 221, 5*c = 5*v - 1715. What is the tens digit of v?
4
Let r(m) = 2*m**2 - 3*m + 5. Let k be r(4). Suppose k = 11*z - 6*z. Suppose 10*v - 100 = z*v. What is the units digit of v?
0
Let j be (12/42 + 0)*14. Suppose 5*u - 5*l = 0, 2*l + j = -u + 13. What is the units digit of u?
3
Suppose -x + 6*p = 5*p - 348, -3*p = 0. Let n = x + -206. What is the tens digit of n?
4
Let f be (-12 - -16)/((-4)/(-2)). Suppose -5*k + 4 = f*r - 0*k, 2*k - 17 = -3*r. What is the units digit of r?
7
Let c be 17433/(-81) + 60/27 + -2. Let t = 303 + c. What is the units digit of t?
8
Let a(c) be the first derivative of -1/3*c**3 + 2*c + 7/2*c**2 - 3. What is the units digit of a(7)?
2
Suppose -5*k = s + 5, -4*s + 2*k - 1 = -3. Let b(j) = s*j + 4*j - 2*j + 3. What is the units digit of b(3)?
9
Suppose 5*x + 15*m = 13*m + 2240, 0 = 2*m. What is th